)/((-2)/q) a composite number?
False
Let v = 8 + -8. Suppose -4*h - h - 15 = v. Is (1/h)/(3/(-279)) a composite number?
False
Suppose -2*y = f + 2666, 0*y - 3997 = 3*y + 2*f. Is -3 + (1 - y/3) composite?
False
Let g(n) = -2*n**3 - n**2 + 5*n + 3. Let w be g(-3). Let y = 48 - w. Is y composite?
True
Let o be 1/3 - (-7)/(-3). Is o/((-6)/2349) - -2 a composite number?
True
Suppose -10*n = -2*n - 30664. Is n a composite number?
False
Let a = -2437 - 204. Is a/(-13) + 4/(-26) a composite number?
True
Suppose 900 = 2*u + 3*u. Let x = u + 57. Is x a prime number?
False
Let i(x) = -6*x**3 + 10*x**2 - 9*x - 5. Let c(q) = 5*q**3 - 9*q**2 + 9*q + 4. Let f(z) = 7*c(z) + 6*i(z). Is f(-7) prime?
True
Let r be 4/18 - 43/(-9). Suppose r*p + 4 = 5*y + 2*p, 0 = 5*y - 5*p. Suppose -s = -4*j + 89, -3*j + 68 = -3*s + y*s. Is j prime?
False
Suppose n - 2*a - 623 = 0, 3*n - 2*a - a - 1878 = 0. Is n a composite number?
True
Let g = -17 + 20. Suppose -2*o + g*o = 77. Is o composite?
True
Suppose -4*w - 19 = -5*a, -w + a = -3*a + 2. Is 23 - (-3)/(9/w) a composite number?
True
Suppose -14*s = -5*o - 11*s + 34022, 4*o - 4*s = 27216. Is o prime?
False
Let t(n) = -n**2 - 5*n - 6. Let q be t(-3). Suppose -4*j + 8*j - 4540 = q. Is j a composite number?
True
Let p = -11 + 27. Suppose 0 = -4*x + p, 3*o + 0*o = 2*x + 133. Is o a prime number?
True
Suppose 5*n - 567 = -2*b, 9*b - 4*b - 5*n - 1365 = 0. Suppose b = f + 3*f. Is (f/(-6))/((-3)/6) a composite number?
False
Suppose 2*r + 3*w + 13 = 0, -5*r - 44 = -5*w + w. Is (-58)/r + (-3)/12 composite?
False
Let u(w) = -211*w + 5. Is u(-8) composite?
False
Suppose 2*v + 10 = 0, -o + 5 = 5*v - 1. Is (4 - 2)/2*o a composite number?
False
Suppose 5*p - 116 + 21 = 0. Is p a prime number?
True
Let z(t) be the second derivative of 3/2*t**2 + 0 + 1/20*t**5 + 1/2*t**4 + 2*t + 2/3*t**3. Is z(-4) prime?
True
Suppose 4*z + z - 1655 = 0. Is z composite?
False
Let x be (-2)/(-2 - 4/(-3)). Suppose -231 = 4*i + o, 0 = x*i - 4*i - 5*o - 34. Let a = 26 - i. Is a composite?
True
Let s = -1 - -3. Suppose 4*k - 89 = 4*x - 9*x, -124 = -5*k - s*x. Is k a prime number?
False
Let i(t) be the third derivative of -t**4/24 - 5*t**3/6 - 2*t**2. Let k be i(-8). Suppose 4*x = k*s - 0*x - 253, x + 399 = 5*s. Is s composite?
False
Is ((4/(-12))/(-1))/(2/12102) a composite number?
False
Suppose 2*t - 1295 = -3*t. Is t a prime number?
False
Suppose 5*s - 144 = 2*b, -6*b - 122 = -4*s - b. Let p = s - 19. Is p prime?
False
Suppose 2301 = 4*v - a, 2*a + 5 = -3*a. Suppose -5*x + v = -0*x. Is x a prime number?
False
Suppose 2*d - 4*i - 4452 = -d, 0 = -5*i - 15. Suppose -4*z = -4*s - d, 0*s = 3*z - s - 1104. Is z a composite number?
False
Let g(q) = -q - 2 + 5*q**3 - q + 3 - 3*q**3 + q**2. Let p be g(1). Is 0 - -4*19/p prime?
False
Let s(i) = 3*i - 9. Is s(4) a composite number?
False
Let q(c) = 2*c**2 + 3*c. Let g be q(-2). Suppose 7*w - g*w - 165 = 0. Let p = -14 + w. Is p composite?
False
Let u(w) = w**2 + 6*w + 7. Let r be u(-5). Suppose 2*b = 3*n + 115, -r*b + 28 = 5*n - 63. Is b composite?
False
Is (-2)/7 + (-102297)/(-42)*2 prime?
True
Let u(x) = -2*x - 2. Let q be (-6)/5*(-12 - -2). Suppose 2*f - q = 5*f. Is u(f) composite?
True
Is 209 + (4 - 8/4) composite?
False
Suppose 5*m - 3 - 67 = 0. Is m a composite number?
True
Let q(y) = 0*y**3 + 2 + y**3 - 3 + 7*y + 6*y**2. Let m be q(-6). Is 3/(-6) - m/2 prime?
False
Let y be 15*((-4)/(-3) - 1). Let o be (-2 - y/(-2))*34. Let s = o + -7. Is s prime?
False
Let q = 690 + -471. Is q composite?
True
Let z be 0*-1*(-1)/1. Let o(u) = -3*u + 21. Let i(k) = -k + 7. Let s(h) = 7*i(h) - 2*o(h). Is s(z) a composite number?
False
Let h = 10 + -7. Let c(r) = 52*r + 7. Is c(h) a composite number?
False
Let j = -511 + 804. Suppose -7*h + j + 78 = 0. Is h a composite number?
False
Let y be ((-6)/(-18))/(2/6). Suppose 2*d - 3*d = y. Let t(k) = 54*k**2 - 1. Is t(d) prime?
True
Suppose 5*p - j = 0, -j + 2*j = -3*p. Let y(i) = -i**3 - 4*i**2 - 5*i - 2. Let t be y(-3). Suppose -k = -3*h - 2 - t, -2*k + 2*h + 32 = p. Is k prime?
False
Suppose 3*o - 6 = -0*o. Let x(t) = 24*t**2 - 3*t + 2. Let s be x(o). Suppose 0*n = 4*n - s. Is n a prime number?
True
Let s(y) = 364*y**3 - y**2 - y + 1. Let f be s(1). Let m = f + -104. Is m a prime number?
False
Let w be -18*(2 + (-3)/2). Let m = 6 + w. Is 0 - (-2 - m) - -11 a prime number?
False
Let i(u) = -5*u**2 + 3*u - 1. Let v be i(2). Let m = 109 + v. Is m prime?
False
Let u(v) = 109*v**2 - 2. Is u(3) composite?
True
Suppose 2*s - 6*s + 308 = 0. Is s a prime number?
False
Let u(l) = 9*l**2. Let b be u(-2). Suppose 0 = -3*y - 0*y + b. Suppose f + 3*f + 2*s = y, 0 = 5*f - 5*s - 15. Is f composite?
False
Suppose 7*m - 8777 = -2092. Is m a composite number?
True
Let i = -967 + 1664. Is i a composite number?
True
Let b(d) = d**2 - 4*d. Let v be b(5). Suppose -257 = -v*f + 108. Suppose -5*k - f = -618. Is k prime?
True
Suppose 0*k - 3*r + 2974 = 2*k, 2*r = -5*k + 7413. Is k composite?
False
Let d(v) = -v**2 + 11*v - 3. Let r be d(12). Let j be (18/r)/((-9)/30). Is (11/j)/(2/8) a prime number?
True
Let r = -65 - -151. Is r a prime number?
False
Let h(s) = 191*s**2. Is h(1) a composite number?
False
Let x = -11946 + 18061. Is x a prime number?
False
Let q(v) = 3*v**2 - 2*v + 2. Suppose -5*x + 3*x + 10 = 0. Is q(x) a composite number?
False
Let a = 404 + 1403. Is a a composite number?
True
Let m = -9 + 3. Let i be 9 + (m/(-2) - 4). Let u(k) = 2*k**2 - 9*k - 3. Is u(i) prime?
True
Suppose 3*j - 5*l - 5039 = 0, 4*j + 4*l - 6680 = l. Is j composite?
True
Let m(d) = -d**2 + 8*d + 1. Let s be m(8). Let p = s - 1. Suppose p = 4*y - y - 4*g - 19, -5*y + g + 60 = 0. Is y a composite number?
False
Let v be ((-39)/(-2))/(2/60). Let b = v - 394. Is b a prime number?
True
Suppose -n + 4 = 2. Suppose 0 = -4*q + n*q. Suppose -4*g + 124 = -q*g. Is g prime?
True
Let d = 575 + 290. Is d prime?
False
Let b(z) = -z - 7. Let x be b(-6). Is -1 + -1 - x*133 prime?
True
Is -4*(-3)/(-6) + 135 a composite number?
True
Suppose 0 = 3*n - 4*n. Suppose 5*v = 4*a - 5*a + 70, n = -2*a - 4*v + 170. Suppose a = 3*f - 16. Is f a composite number?
False
Let l(y) = 4*y + 1. Let f be l(2). Suppose f = -5*s + 39. Suppose -s*i + i = -325. Is i a composite number?
True
Suppose 0*g + 5*g - 210 = 0. Let o = 169 - g. Is o a composite number?
False
Let g(m) = -20*m - 9. Let u be g(8). Let l = u + 327. Is l composite?
True
Suppose 2*p = 6*p - 12. Suppose -p*c - 2*c = -750. Suppose c = r + 3*r - 2*q, 113 = 3*r - 2*q. Is r composite?
False
Let x be 2/6 + 897/9. Suppose 0 = 2*h - x - 198. Is h composite?
False
Suppose -1366 = -2*m + 2*u, 3*m - 2043 = 4*u + u. Suppose 5*z = h - 0*h + 1701, -m = -2*z - h. Is z a composite number?
True
Suppose -60 = -2*b - 3*b. Is -7*(b/(-4))/1 a prime number?
False
Suppose -18*v + 22*v - 668 = 0. Is v a prime number?
True
Is (3 - 201/(-12))*8 prime?
False
Let o(p) = p**3 + 23*p**2 + 5*p + 9. Let w(g) = 2*g + 2. Let j be w(-6). Is o(j) prime?
True
Let y(o) be the first derivative of -74*o**2 - o - 4. Is y(-3) a prime number?
True
Let y(g) = -57*g**3 + 4*g**2 + 2*g + 10. Is y(-3) prime?
True
Let p(c) = 5*c**3 + 1. Let h be p(1). Let i(q) = -q**3 + 8*q**2 + 2*q - 7. Is i(h) prime?
False
Let a be -1 - 1*(2 - 1). Let k be 7*(a + 3) - 1. Suppose -3*l + 4 = 4*o - 27, k = -3*o. Is l a prime number?
True
Suppose -2*w - 3*c = -514, 2*c + 3*c + 283 = w. Let d = -166 + w. Is d composite?
False
Let j(l) = 4*l - 1. Let x be j(1). Suppose 4*q - 5 = x, -462 = -2*c - 2*q. Suppose -71 = -h + 3*a, a - c = -3*h + 6*a. Is h prime?
True
Suppose -46 = -l - 0*l. Is l a composite number?
True
Let l(p) = -p**3 + 8*p**2 + 6. Let r be l(8). Let i(s) = s**2 - 2*s - 3. Is i(r) composite?
True
Let x = -295 + 540. Suppose -q + 3*d - 41 + 116 = 0, 5*d = 3*q - x. Let i = q - 37. Is i prime?
True
Let c(i) = -3*i**3 + i. Let s be c(-1). Suppose -2*j + 652 = s*j. Is j a prime number?
True
Is 36/(-63) - (-5734)/14 a prime number?
True
Let j = 85 + 7. Is j*(-4)/(32/(-10)) a composite number?
True
Suppose 2*k - 72 = 48. Let g = -21 + k. Is g a prime number?
False
Let b(o) = -49*o**3 + o - 5. Let u(v) = 48*v**3 - v + 6. Let h(y) = 6*b(y) + 5*u(y). Is h(-1) a prime number?
True
Let y = -220 - -365. Is y a prime number?
False
Let s = -36 + 133. Is s a composite num